lse
Is 31 a factor of 2483162?
True
Does 25 divide 222596?
False
Is 86 a factor of 1351521?
False
Is 80 a factor of 162495?
False
Does 2 divide 56587?
False
Is 366 a factor of 644799?
False
Does 3 divide 38397?
True
Is 155 a factor of 218861?
False
Does 17 divide 1962760?
False
Is 95 a factor of 273290?
False
Does 255 divide 310443?
False
Is 1131450 a multiple of 57?
True
Does 204 divide 1573452?
True
Is 429715 a multiple of 11?
True
Does 279 divide 275439?
False
Is 30683 a multiple of 115?
False
Is 92064 a multiple of 48?
True
Does 745 divide 9822759?
False
Is 625 a factor of 145000?
True
Is 138339 a multiple of 20?
False
Does 34 divide 9634886?
True
Is 7 a factor of 1628455?
False
Does 403 divide 699166?
False
Is 10 a factor of 1347744?
False
Is 392273 a multiple of 20?
False
Is 176984 a multiple of 18?
False
Is 75020 a multiple of 44?
True
Is 125983 a multiple of 13?
True
Is 20 a factor of 2900960?
True
Is 677731 a multiple of 30?
False
Is 228 a factor of 4476636?
False
Is 46 a factor of 217241?
False
Does 225 divide 109575?
True
Is 55770 a multiple of 143?
True
Is 225262 a multiple of 59?
True
Is 4905568 a multiple of 37?
False
Is 4265070 a multiple of 15?
True
Does 8 divide 22768?
True
Is 1298 a factor of 1242186?
True
Is 231030 a multiple of 151?
True
Is 3050416 a multiple of 166?
True
Is 411 a factor of 516216?
True
Is 105 a factor of 1110264?
False
Is 10710 a multiple of 3?
True
Is 395 a factor of 200382?
False
Is 284739 a multiple of 91?
True
Is 1849940 a multiple of 12?
False
Is 6208646 a multiple of 1245?
False
Is 68030 a multiple of 7?
False
Does 84 divide 141133?
False
Is 174 a factor of 9344?
False
Does 7 divide 2298786?
True
Is 22 a factor of 40043?
False
Is 123 a factor of 85239?
True
Does 292 divide 6492851?
False
Is 172 a factor of 638016?
False
Does 121 divide 202528?
False
Does 397 divide 1016320?
True
Does 274 divide 1749094?
False
Is 218448 a multiple of 9?
True
Is 110 a factor of 323091?
False
Is 631968 a multiple of 348?
True
Is 566989 a multiple of 21?
False
Is 14 a factor of 101556?
True
Does 18 divide 680311?
False
Does 562 divide 4377466?
False
Is 1824 a multiple of 38?
True
Is 1098 a factor of 5399964?
True
Is 16 a factor of 71805?
False
Does 33 divide 4811037?
True
Is 176891 a multiple of 17?
False
Is 2 a factor of 551389?
False
Is 448 a factor of 117824?
True
Is 538 a factor of 3548847?
False
Is 56 a factor of 498053?
False
Does 54 divide 7317702?
True
Does 5 divide 155867?
False
Is 2400378 a multiple of 1747?
True
Is 11746 a multiple of 14?
True
Does 7 divide 13091?
False
Is 4 a factor of 7205?
False
Does 36 divide 609696?
True
Is 11 a factor of 79345?
False
Is 1116483 a multiple of 54?
False
Is 8 a factor of 22878?
False
Is 608220 a multiple of 436?
True
Is 40 a factor of 270740?
False
Is 5789628 a multiple of 417?
True
Is 5603033 a multiple of 61?
True
Is 418324 a multiple of 4?
True
Is 359 a factor of 184885?
True
Is 1668333 a multiple of 9?
False
Is 6188968 a multiple of 9?
False
Does 38 divide 204887?
False
Is 27 a factor of 29866?
False
Does 18 divide 2193804?
True
Is 69 a factor of 902727?
True
Does 905 divide 1087810?
True
Is 239505 a multiple of 105?
True
Is 1446 a factor of 4982916?
True
Does 843 divide 3886252?
False
Is 1829088 a multiple of 348?
True
Is 1674963 a multiple of 11?
False
Does 10 divide 10076?
False
Is 550487 a multiple of 17?
False
Is 78 a factor of 476658?
True
Is 30940 a multiple of 52?
True
Is 80 a factor of 1313600?
True
Is 2 a factor of 566730?
True
Does 61 divide 215696?
True
Does 56 divide 1087800?
True
Is 2006940 a multiple of 498?
True
Is 271 a factor of 61246?
True
Does 104 divide 3329768?
True
Does 56 divide 345016?
True
Is 23470 a multiple of 3?
False
Does 310 divide 10458470?
True
Is 1848631 a multiple of 26?
False
Does 14 divide 249201?
False
Is 2270884 a multiple of 166?
False
Does 121 divide 11315355?
False
Is 61 a factor of 874618?
True
Is 9 a factor of 220788?
True
Is 64 a factor of 345511?
False
Does 77 divide 160776?
True
Is 13 a factor of 248421?
False
Is 411860 a multiple of 4?
True
Is 18522000 a multiple of 630?
True
Does 9 divide 45180?
True
Is 30251 a multiple of 13?
True
Is 10977005 a multiple of 156?
False
Does 66 divide 203412?
True
Is 27 a factor of 381891?
False
Does 52 divide 3370224?
True
Is 5 a factor of 9720?
True
Is 2 a factor of 308737?
False
Is 8262 a multiple of 61?
False
Does 416 divide 7737306?
False
Is 913115 a multiple of 931?
False
Is 297560 a multiple of 173?
True
Is 165642 a multiple of 181?
False
Is 973350 a multiple of 150?
True
Does 272 divide 322048?
True
Is 127004 a multiple of 9?
False
Is 213 a factor of 264482?
False
Does 213 divide 25635828?
True
Is 32530 a multiple of 10?
True
Is 21 a factor of 3401133?
False
Is 118663 a multiple of 7?
False
Does 5 divide 2113578?
False
Is 157 a factor of 489997?
True
Does 21 divide 242718?
True
Does 136 divide 116662?
False
Is 87 a factor of 50547?
True
Is 182 a factor of 3173288?
False
Is 152 a factor of 97550?
False
Is 30 a factor of 188670?
True
Is 1680 a multiple of 12?
True
Is 44 a factor of 983073?
False
Is 424925 a multiple of 23?
True
Does 61 divide 66405?
False
Is 437813 a multiple of 29?
True
Is 223400 a multiple of 40?
True
Does 98 divide 92352?
False
Does 385 divide 49968?
False
Is 83258 a multiple of 203?
False
Is 13 a factor of 374645?
False
Is 108283 a multiple of 388?
False
Is 383360 a multiple of 8?
True
Does 14 divide 8461544?
True
Is 9 a factor of 466200?
True
Is 547310 a multiple of 239?
True
Is 405 a factor of 164593?
False
Does 413 divide 15034439?
True
Does 400 divide 4297200?
True
Is 128 a factor of 307070?
False
Is 122 a factor of 92331?
False
Is 399087 a multiple of 192?
False
Is 200 a factor of 162600?
True
Is 840 a factor of 3507878?
False
Is 541 a factor of 2142901?
True
Is 987624 a multiple of 172?
True
Is 1280 a factor of 18551040?
True
Is 177 a factor of 8142?
True
Does 7 divide 364120?
False
Does 1154 divide 5326864?
True
Is 210056 a multiple of 28?
True
Is 45 a factor of 251420?
False
Is 5279700 a multiple of 310?
False
Is 146 a factor of 3645907?
False
Is 334 a factor of 19488?
False
Does 10 divide 345530?
True
Is 2576629 a multiple of 103?
False
Does 29 divide 1635359?
False
Is 90182 a multiple of 121?
False
Is 5614500 a multiple of 25?
True
Is 5659853 a multiple of 1271?
False
Is 50 a factor of 1254317?
False
Is 47 a factor of 4363339?
True
Does 28 divide 6440?
True
Does 22 divide 300344?
True
Is 18 a factor of 58093?
False
Does 481 divide 122655?
True
Is 368212 a multiple of 22?
False
Is 2805443 a multiple of 93?
False
Does 271 divide 447421?
True
Does 10 divide 260590?
True
Is 376090 a multiple of 55?
True
Is 692788 a multiple of 386?
False
Is 395640 a multiple of 60?
True
Is 184084 a multiple of 8?
False
Is 667102 a multiple of 43?
True
Is 50 a factor of 85626?
False
Does 231 divide 140569?
False
Does 11 divide 84304?
True
Does 147 divide 886236?
False
Is 80117 a multiple of 113?
True
Is 189 a factor of 2281797?
True
Is 101 a factor of 10722014?
False
Does 149 divide 128596?
False
Is 22 a factor of 355938?
True
Is 20 a factor of 128680?
True
Is 1449375 a multiple of 25?
True
Does 70 divide 1715700?
True
Is 539941 a multiple of 37?
True
Is 2749911 a multiple of 123?
True
Is 955620 a multiple of 4?
True
Is 95 a factor of 6285712?
False
Is 681208 a multiple of 17?
False
Does 292 divide 725036?
True
Is 11874 even?
True
Is 120 a factor of 1223150?
False
Is 16 a factor of 256?
True
Does 66 divide 109981?
False
Does 120 divide 21960?
True
Is 170496 a multiple of 96?
True
Is 3630 a multiple of 30?
True
Does 130 divide 175240?
True
Is 2684416 a multiple of 8?
True
Does 37 divide 9731?
True
Does 21 divide 2966223?
False
Does 377 divide 680461?
False
Is 18 a factor of 12485228?
False
Is 15 a factor of 52422?
False
Does 1423 divide 21200443?
False
Is 12 a factor of 1248?
True
Is 453781 a multiple of 95?
False
Is 627837 a multiple of 91?
False
Is 280126 a multiple of 22?
True
Does 45 divide 114120?
True
Is 42 a factor of 75096?
True
Is 6 a factor of 40830?
True
Does 255 divide 555390?
True
Does 542 divide 237384?
False
Does 948 divide 8406864?
True
Does 34 divide 63546?
True
Is 3 a factor of 24861?
True
Is 462 a factor of 320913?
False
Does 144 divide 2432700?
False
I